{"id":27804,"date":"2024-02-15T18:04:47","date_gmt":"2024-02-15T17:04:47","guid":{"rendered":"https:\/\/www.education.pf\/capsurlhexagone\/?page_id=27804"},"modified":"2024-02-20T22:42:25","modified_gmt":"2024-02-20T21:42:25","slug":"les-aides-au-logement","status":"publish","type":"page","link":"https:\/\/www.education.pf\/capsurlhexagone\/le-logement-2\/les-aides-au-logement\/","title":{"rendered":"Les aides au logement"},"content":{"rendered":"<p>Le loyer constitue une part importante de ton budget. Diff\u00e9rentes aides au logement existent pour t&rsquo;aider, que ce soit celles g\u00e9r\u00e9es par la CAF, celles propos\u00e9es par Action Logement ou encore les dispositifs au niveau local.<\/p>\n<p><em><strong>La CAF ( Caisse d&rsquo;allocation familiale)<\/strong><\/em><\/p>\n<p>Pour t&rsquo;aider \u00e0 payerton loyer et tes charges, tu peux b\u00e9n\u00e9ficier d&rsquo;aides au logement (APL, ALS, ALF), vers\u00e9es par la Caisse d&rsquo;allocations familiales (Caf).<\/p>\n<p>Pour \u00e9tablir ton budget, <a href=\"https:\/\/www.caf.fr\/allocataires\/mes-services-en-ligne\/faire-une-simulation\" target=\"_blank\" rel=\"noopener\">fais une simulation<\/a> de l&rsquo;aide au logement \u00e0 laquelle tu pourrais avoir droit.<\/p>\n<p>Une fois ta demande d&rsquo;aide effectu\u00e9e, tu peux\u00a0 suivre le traitement de ton\u00a0 dossier \u00e0 l&rsquo;aide de l&rsquo;application de la CAF disponible sur <em>Apple store<\/em> et <em>Playstore<\/em><\/p>\n<p>D\u00e8s ton entr\u00e9e dans le logement (mais pas avant), ne tarde pas \u00e0 envoyer ton dossier, les aides de la Caf ne sont pas r\u00e9troactives.<\/p>\n<p>Attention ! Les aides au logement sont automatiquement suspendues pendant les vacances d&rsquo;\u00e9t\u00e9 pour tous les \u00e9tudiants, sauf si tu informes la Caf que tu conserves ton logement au-del\u00e0 de cette date. Ta Caf te demandera en fin d&rsquo;ann\u00e9e universitaire &#8211; via ton espace personnel en ligne Caf &#8211; si tu conserves ton\u00a0 logement en juillet et en ao\u00fbt. Si tu laisses ton\u00a0 logement ou en l&rsquo;absence de r\u00e9ponse, ton droit sera interrompu \u00e0 partir de fin juin.<\/p>\n<p><em><strong>Mobili-jeunes<\/strong><\/em><\/p>\n<p>Pour les alternants, Action Logement propose Mobili-Jeunes, une subvention permettant de prendre en charge une partie du loyer (entre 10 \u20ac et 100 \u20ac maximum) chaque mois et pendant un an.<\/p>\n<p>Elle s&rsquo;adresse aux jeunes de moins de 30 ans, <strong>en formation en alternance<\/strong> (sous contrat d&rsquo;apprentissage ou de professionnalisation) au sein d&rsquo;une entreprise du secteur priv\u00e9 non agricole.<\/p>\n<p>Pour en savoir plus: <a href=\"https:\/\/www.actionlogement.fr\/l-aide-mobili-jeune\">https:\/\/www.actionlogement.fr\/l-aide-mobili-jeune<\/a><\/p>\n","protected":false},"excerpt":{"rendered":"<p>Le loyer constitue une part importante de ton budget. Diff\u00e9rentes aides au logement existent pour t&rsquo;aider, que ce soit celles g\u00e9r\u00e9es par la CAF, celles [&#8230;]<\/p>\n","protected":false},"author":11,"featured_media":0,"parent":27119,"menu_order":2,"comment_status":"closed","ping_status":"closed","template":"","meta":{"_acf_changed":false,"footnotes":""},"class_list":["post-27804","page","type-page","status-publish","hentry"],"acf":[],"yoast_head":"<!-- This site is optimized with the Yoast SEO plugin v27.5 - https:\/\/yoast.com\/product\/yoast-seo-wordpress\/ -->\n<title>Les aides au logement -<\/title>\n<meta name=\"robots\" content=\"index, follow, max-snippet:-1, max-image-preview:large, max-video-preview:-1\" \/>\n<link rel=\"canonical\" href=\"https:\/\/www.education.pf\/capsurlhexagone\/le-logement-2\/les-aides-au-logement\/\" \/>\n<meta property=\"og:locale\" content=\"fr_FR\" \/>\n<meta property=\"og:type\" content=\"article\" \/>\n<meta property=\"og:title\" content=\"Les aides au logement -\" \/>\n<meta property=\"og:description\" content=\"Le loyer constitue une part importante de ton budget. Diff\u00e9rentes aides au logement existent pour t&rsquo;aider, que ce soit celles g\u00e9r\u00e9es par la CAF, celles [...]\" \/>\n<meta property=\"og:url\" content=\"https:\/\/www.education.pf\/capsurlhexagone\/le-logement-2\/les-aides-au-logement\/\" \/>\n<meta property=\"article:modified_time\" content=\"2024-02-20T21:42:25+00:00\" \/>\n<meta name=\"twitter:card\" content=\"summary_large_image\" \/>\n<meta name=\"twitter:label1\" content=\"Dur\u00e9e de lecture estim\u00e9e\" \/>\n\t<meta name=\"twitter:data1\" content=\"2 minutes\" \/>\n<script type=\"application\/ld+json\" class=\"yoast-schema-graph\">{\"@context\":\"https:\\\/\\\/schema.org\",\"@graph\":[{\"@type\":\"WebPage\",\"@id\":\"https:\\\/\\\/www.education.pf\\\/capsurlhexagone\\\/le-logement-2\\\/les-aides-au-logement\\\/\",\"url\":\"https:\\\/\\\/www.education.pf\\\/capsurlhexagone\\\/le-logement-2\\\/les-aides-au-logement\\\/\",\"name\":\"Les aides au logement -\",\"isPartOf\":{\"@id\":\"https:\\\/\\\/www.education.pf\\\/capsurlhexagone\\\/#website\"},\"datePublished\":\"2024-02-15T17:04:47+00:00\",\"dateModified\":\"2024-02-20T21:42:25+00:00\",\"breadcrumb\":{\"@id\":\"https:\\\/\\\/www.education.pf\\\/capsurlhexagone\\\/le-logement-2\\\/les-aides-au-logement\\\/#breadcrumb\"},\"inLanguage\":\"fr-FR\",\"potentialAction\":[{\"@type\":\"ReadAction\",\"target\":[\"https:\\\/\\\/www.education.pf\\\/capsurlhexagone\\\/le-logement-2\\\/les-aides-au-logement\\\/\"]}]},{\"@type\":\"BreadcrumbList\",\"@id\":\"https:\\\/\\\/www.education.pf\\\/capsurlhexagone\\\/le-logement-2\\\/les-aides-au-logement\\\/#breadcrumb\",\"itemListElement\":[{\"@type\":\"ListItem\",\"position\":1,\"name\":\"Accueil\",\"item\":\"https:\\\/\\\/www.education.pf\\\/capsurlhexagone\\\/\"},{\"@type\":\"ListItem\",\"position\":2,\"name\":\"Le logement\",\"item\":\"https:\\\/\\\/www.education.pf\\\/capsurlhexagone\\\/le-logement-2\\\/\"},{\"@type\":\"ListItem\",\"position\":3,\"name\":\"Les aides au logement\"}]},{\"@type\":\"WebSite\",\"@id\":\"https:\\\/\\\/www.education.pf\\\/capsurlhexagone\\\/#website\",\"url\":\"https:\\\/\\\/www.education.pf\\\/capsurlhexagone\\\/\",\"name\":\"\",\"description\":\"\",\"potentialAction\":[{\"@type\":\"SearchAction\",\"target\":{\"@type\":\"EntryPoint\",\"urlTemplate\":\"https:\\\/\\\/www.education.pf\\\/capsurlhexagone\\\/?s={search_term_string}\"},\"query-input\":{\"@type\":\"PropertyValueSpecification\",\"valueRequired\":true,\"valueName\":\"search_term_string\"}}],\"inLanguage\":\"fr-FR\"}]}<\/script>\n<!-- \/ Yoast SEO plugin. -->","yoast_head_json":{"title":"Les aides au logement -","robots":{"index":"index","follow":"follow","max-snippet":"max-snippet:-1","max-image-preview":"max-image-preview:large","max-video-preview":"max-video-preview:-1"},"canonical":"https:\/\/www.education.pf\/capsurlhexagone\/le-logement-2\/les-aides-au-logement\/","og_locale":"fr_FR","og_type":"article","og_title":"Les aides au logement -","og_description":"Le loyer constitue une part importante de ton budget. Diff\u00e9rentes aides au logement existent pour t&rsquo;aider, que ce soit celles g\u00e9r\u00e9es par la CAF, celles [...]","og_url":"https:\/\/www.education.pf\/capsurlhexagone\/le-logement-2\/les-aides-au-logement\/","article_modified_time":"2024-02-20T21:42:25+00:00","twitter_card":"summary_large_image","twitter_misc":{"Dur\u00e9e de lecture estim\u00e9e":"2 minutes"},"schema":{"@context":"https:\/\/schema.org","@graph":[{"@type":"WebPage","@id":"https:\/\/www.education.pf\/capsurlhexagone\/le-logement-2\/les-aides-au-logement\/","url":"https:\/\/www.education.pf\/capsurlhexagone\/le-logement-2\/les-aides-au-logement\/","name":"Les aides au logement -","isPartOf":{"@id":"https:\/\/www.education.pf\/capsurlhexagone\/#website"},"datePublished":"2024-02-15T17:04:47+00:00","dateModified":"2024-02-20T21:42:25+00:00","breadcrumb":{"@id":"https:\/\/www.education.pf\/capsurlhexagone\/le-logement-2\/les-aides-au-logement\/#breadcrumb"},"inLanguage":"fr-FR","potentialAction":[{"@type":"ReadAction","target":["https:\/\/www.education.pf\/capsurlhexagone\/le-logement-2\/les-aides-au-logement\/"]}]},{"@type":"BreadcrumbList","@id":"https:\/\/www.education.pf\/capsurlhexagone\/le-logement-2\/les-aides-au-logement\/#breadcrumb","itemListElement":[{"@type":"ListItem","position":1,"name":"Accueil","item":"https:\/\/www.education.pf\/capsurlhexagone\/"},{"@type":"ListItem","position":2,"name":"Le logement","item":"https:\/\/www.education.pf\/capsurlhexagone\/le-logement-2\/"},{"@type":"ListItem","position":3,"name":"Les aides au logement"}]},{"@type":"WebSite","@id":"https:\/\/www.education.pf\/capsurlhexagone\/#website","url":"https:\/\/www.education.pf\/capsurlhexagone\/","name":"","description":"","potentialAction":[{"@type":"SearchAction","target":{"@type":"EntryPoint","urlTemplate":"https:\/\/www.education.pf\/capsurlhexagone\/?s={search_term_string}"},"query-input":{"@type":"PropertyValueSpecification","valueRequired":true,"valueName":"search_term_string"}}],"inLanguage":"fr-FR"}]}},"_links":{"self":[{"href":"https:\/\/www.education.pf\/capsurlhexagone\/wp-json\/wp\/v2\/pages\/27804","targetHints":{"allow":["GET"]}}],"collection":[{"href":"https:\/\/www.education.pf\/capsurlhexagone\/wp-json\/wp\/v2\/pages"}],"about":[{"href":"https:\/\/www.education.pf\/capsurlhexagone\/wp-json\/wp\/v2\/types\/page"}],"author":[{"embeddable":true,"href":"https:\/\/www.education.pf\/capsurlhexagone\/wp-json\/wp\/v2\/users\/11"}],"replies":[{"embeddable":true,"href":"https:\/\/www.education.pf\/capsurlhexagone\/wp-json\/wp\/v2\/comments?post=27804"}],"version-history":[{"count":2,"href":"https:\/\/www.education.pf\/capsurlhexagone\/wp-json\/wp\/v2\/pages\/27804\/revisions"}],"predecessor-version":[{"id":27925,"href":"https:\/\/www.education.pf\/capsurlhexagone\/wp-json\/wp\/v2\/pages\/27804\/revisions\/27925"}],"up":[{"embeddable":true,"href":"https:\/\/www.education.pf\/capsurlhexagone\/wp-json\/wp\/v2\/pages\/27119"}],"wp:attachment":[{"href":"https:\/\/www.education.pf\/capsurlhexagone\/wp-json\/wp\/v2\/media?parent=27804"}],"curies":[{"name":"wp","href":"https:\/\/api.w.org\/{rel}","templated":true}]}}